actor of n and s?
4
Let f = -21 + 23. Suppose 0 = v - 5*u + 4*u - 19, -2*v - f*u + 38 = 0. Calculate the greatest common divisor of 76 and v.
19
Let m be (342/(-21))/((-3)/42). What is the highest common divisor of m and 24?
12
Let d(t) = -t + 11. Let o be d(4). Let b be (-6)/(-21) + 152/o. What is the greatest common divisor of b and 110?
22
Let t = 47 + -15. Let s be ((-3)/(-5))/(1/(2 - -3)). Suppose -5*d + s = -t. Calculate the greatest common factor of 7 and d.
7
Let j be 4/(-10) - (-452)/5. Calculate the highest common divisor of j and 9.
9
Let q = -88 + 92. What is the highest common divisor of q and 60?
4
Let z be (-490)/(-40) - 1/4. Let v = z - 0. What is the greatest common factor of 48 and v?
12
Suppose -y = -7 - 6. Let l = -5 + y. Let m(g) = g**3 - g**2 + 4. Let k be m(0). Calculate the highest common divisor of k and l.
4
Suppose 2*p - 3*v - 3 = -p, 3*v - 9 = 0. Calculate the highest common divisor of p and 2.
2
Let l(y) = -y + 1. Let u be l(-2). Suppose 2*b - 6 = p, p = -5*b - u*p + 2. Calculate the greatest common divisor of b and 22.
2
Let m(b) = 15*b + 3. Let y = 8 - 5. Let h be m(y). Calculate the highest common divisor of h and 12.
12
Let t be (-1)/(-4)*-34*(-6 + 4). Calculate the highest common divisor of t and 51.
17
Suppose 2*i = i + 4*g - 14, -g + 23 = 3*i. Suppose 5 = -y + i*y. What is the highest common divisor of y and 7?
1
Suppose -7*p = -17 - 81. What is the highest common divisor of p and 63?
7
Let q = 40 + -28. Let i be 48/18 + 12/9. Calculate the highest common divisor of q and i.
4
Suppose i - 5*i = -2*p - 36, -p = -3*i + 28. Calculate the highest common divisor of i and 10.
10
Let w be (4 - (-3 - -3)) + 5. Calculate the highest common divisor of w and 207.
9
Let w be 15/(-10)*20/(-6). Suppose -2 = o - w. Suppose -4*g + 40 = -o*g. What is the highest common factor of 10 and g?
10
Suppose 0 = 16*f - 17*f + 9. Calculate the greatest common divisor of 81 and f.
9
Let q be (6/4)/((-2)/(-24)). What is the highest common divisor of 3 and q?
3
Suppose 212 = 4*j + 4*x, 2*j - x = 133 - 42. What is the greatest common factor of 80 and j?
16
Let w(k) = -3*k**2 - 8*k + 6. Let h be w(-6). Let q = -24 - h. Calculate the greatest common factor of 3 and q.
3
Suppose 131 = 3*c - 61. Calculate the greatest common factor of 16 and c.
16
Let x be (-5 + 49)*(-6)/(-8). What is the greatest common factor of x and 297?
33
Let x = 657 + -432. What is the highest common factor of 25 and x?
25
Suppose l = -3*q + 24, 2*l + l = -2*q + 37. What is the greatest common divisor of l and 18?
9
Let c be 30/(-4)*7/(42/(-24)). Calculate the highest common divisor of 12 and c.
6
Suppose y = 5, -2*w + 6*y + 57 = 11*y. What is the greatest common factor of w and 8?
8
Let l = -84 + 112. What is the highest common factor of 4 and l?
4
Suppose -o = 2*d + 2*d - 9, -1 = -d + o. Let q be d/(-3) - 78/(-9). What is the greatest common divisor of q and 24?
8
Let a(v) = -v**2 - 6*v + 10. Let s be a(-7). Suppose s*f = -2*b + 35, 2*f - 18 = 4*b - 0. Let q = -40 + 62. What is the greatest common divisor of f and q?
11
Suppose 0 = -w + 4*c + 20, 0*w = -4*w - 4*c + 80. What is the greatest common factor of 160 and w?
20
Suppose 0*k - 234 = -2*k. Let i(z) = z**3 - 6*z**2 + 2*z + 1. Let t(r) = 4*r - 2. Let u be t(2). Let q be i(u). What is the highest common divisor of k and q?
13
Let h = -11 + 9. Let z be (-24 - h)*(-12)/8. What is the greatest common divisor of z and 11?
11
Suppose 78 = 3*p + 2*w, 0 = 5*p + w - 45 - 92. What is the greatest common divisor of p and 28?
28
Let m(c) = -c**2 - 3*c + 8. Let x be m(0). Let l(o) = -3*o + 5*o - 1 - 1. Let d be l(2). What is the highest common divisor of d and x?
2
Suppose 5*c = 3*v + 62, -2*c + 2*v = v - 25. Suppose 0 = -3*j + 42 + 231. What is the greatest common divisor of c and j?
13
Suppose 4*y + y = -50. Let g be y*(-1)/(15/6). Let b be 46 - g*(-1)/2. Calculate the greatest common divisor of b and 6.
6
Let l be 3/(-6) - 1/2. Let c be (0/l)/(10 - 12). Suppose c = -5*w - 3*p + 26, 0 = -p - 1 - 2. What is the greatest common divisor of 63 and w?
7
Let b(w) = 2*w. Suppose -2*k + 6 - 2 = 0. Let r be b(k). Suppose 6*x - 5*x = 5*o + 8, -10 = -2*x + r*o. What is the highest common factor of x and 2?
1
Suppose -3*w = -4*w - 7. Let h be (w/3)/((-2)/12). Calculate the greatest common divisor of h and 21.
7
Let i(o) = o**2 - 3*o - 2. Let g be i(-3). Let t be 1012/4 + (1 - 1). Let w be 6/4 - t/(-2). Calculate the greatest common factor of w and g.
16
Let a(d) = -d + 19. Let t be a(15). Let c be 1/(1 + (-18)/20). Let o be 54/15*c*1. Calculate the greatest common divisor of t and o.
4
Let y(m) be the first derivative of m**3/3 - m**2/2 + 18*m + 2. Let u be y(0). Calculate the highest common divisor of u and 12.
6
Let i be (-4)/12 - 25/(-3). Let u(k) = k**3 - 6*k**2 - 7*k + 6. Let l be u(i). Let z = l + -38. What is the greatest common divisor of z and 8?
8
Suppose -10*f + 12*f = 24. Let p(l) = -2*l**2 + 5*l - 3. Let m(t) = -t. Let a(s) = 2*m(s) - p(s). Let c be a(5). What is the greatest common divisor of c and f?
6
Let a(l) = 2*l**2 - 2*l - 1. Let c be a(-1). Let i be c + 0 - (-2)/2. Suppose -i*m = -12 + 4. What is the greatest common divisor of m and 14?
2
Let m(t) = 23*t - 2. Let x be m(2). Calculate the highest common factor of 110 and x.
22
Let j be 187 + (-11)/(66/12). Calculate the greatest common factor of 37 and j.
37
Let x(u) = 33*u**3 - 2*u**2 + u + 2. Let y be x(2). Suppose 5*w - 310 = 5*m, 3*w - 7*w = 2*m - y. What is the greatest common divisor of 16 and w?
16
Suppose 0 = -d - 0*d + 45. Calculate the greatest common factor of 18 and d.
9
Suppose -4*u = 122 - 6. Let c = -26 - u. Calculate the greatest common factor of c and 1.
1
Let p = -100 - -166. What is the highest common factor of p and 44?
22
Let l be -1*24/(-5 + 2). Let i = 130 + -82. Calculate the greatest common factor of i and l.
8
Suppose 0 = -j + 3 - 0. Let p(q) = -7*q - 2. Let h be p(-2). Calculate the greatest common divisor of h and j.
3
Suppose 0*a + 88 = 4*a. Calculate the greatest common factor of 154 and a.
22
Suppose 0 = j - 19 + 3. What is the greatest common divisor of 112 and j?
16
Suppose 0 = j + 4*j - 665. Let g = -93 + j. Calculate the highest common divisor of g and 16.
8
Let c = 16 + -4. What is the greatest common divisor of 48 and c?
12
Let p(k) be the third derivative of -k**6/120 + k**5/5 - 3*k**4/8 - k**3 + 6*k**2. Let a be p(11). What is the highest common factor of a and 16?
16
Let l(s) = s**2 - 2*s + 5. Let u be l(5). Let y(r) = -r + 16. Let a be y(8). What is the greatest common factor of u and a?
4
Let v be 9/21 - 18132/(-28). Suppose -2*x + v = x. What is the highest common divisor of 27 and x?
27
Let h(r) = -r**3 + 9*r**2 - 6*r - 31. Let x be h(7). Calculate the greatest common factor of x and 25.
25
Let g be -1 - -1 - 10/(-10). What is the highest common divisor of 2 and g?
1
Suppose -3*o + 8*o = -4*y + 32, y = 3*o - 9. What is the greatest common factor of 9 and y?
3
Suppose 5*q + 8 = 48. Calculate the greatest common divisor of q and 88.
8
Suppose 0 = 8*h - 6*h - 408. Suppose 6*m - 2*m = -h. Let c = 131 + m. Calculate the highest common factor of c and 32.
16
Let u = -119 + -702. Let s be u/(-13) + (-10)/65. What is the greatest common factor of 9 and s?
9
Let d(a) = 8*a**3 + 2*a - 1. Let m be d(1). Suppose 6*f = 2*f - 8. Let u be 9/(-6) + (-93)/f. Calculate the highest common divisor of m and u.
9
Suppose 7*w - 2*w = 4*l + 30, -5*w + 65 = 3*l. Calculate the highest common factor of w and 15.
5
Let g(m) = 8 - 1 + 2 + 7*m. Let d be g(-8). Let a be 2 + -2 - (d + -2). Calculate the highest common factor of a and 7.
7
Let q = 380 + -254. Calculate the greatest common divisor of 36 and q.
18
Let f = 16 + -13. Suppose 3*u + 3*j = 51, 0 = f*u - j - 44 - 19. What is the highest common divisor of u and 8?
4
Suppose -5*o - 120 = -5*d, -5*d - 5*o + 80 = -0*d. What is the highest common factor of 30 and d?
10
Let n = 184 - 58. What is the highest common factor of n and 18?
18
Let m be ((-42)/4)/((-6)/8). Let v(r) = -r - 1. Let g be v(7). Let j(d) = 3*d**2 + 12*d + 2. Let l be j(g). What is the highest common factor of m and l?
14
Suppose 2*w = d + 24, -d = -0*d + 2*w + 4. Let r be (5*-2)/(d/161). Calculate the greatest common divisor of